 = 2*o**3 + 23*o**2 - 6*o - 21. What is b(-12)?
-93
Let l(d) = -38*d**2 + 460*d - 1020. Give l(9).
42
Let l(g) = -19*g + 299. Determine l(14).
33
Let g(k) = 41*k**2 + 1276*k + 52. Give g(-31).
-103
Let i(z) = -14*z**2 + 551*z - 703. What is i(38)?
19
Let y(h) = -406*h - 897. What is y(-2)?
-85
Let r(x) = x**3 - 24*x**2 + 18*x + 11. Give r(23).
-104
Let i(w) = -7*w**2 + 111*w - 43. Calculate i(13).
217
Let i(m) = -m**3 + 40*m**2 - 7*m + 165. What is i(40)?
-115
Let d(o) = o**3 - 21*o**2 + 116*o - 43. What is d(11)?
23
Let b(x) = -x**2 - 67*x + 2795. Calculate b(29).
11
Let t(a) = -a**3 + 5*a**2 + 15*a + 3. What is t(-4)?
87
Let u(p) = -32*p - 771. Calculate u(-24).
-3
Let p(i) = -77*i + 358. What is p(5)?
-27
Let g(j) = -101*j**2 + 5*j. Give g(-1).
-106
Let g(t) = 20*t**2 - 11*t + 11. What is g(1)?
20
Let f(z) = -2*z**3 + 14*z**2 + 11*z + 33. Determine f(8).
-7
Let x(r) = -4*r**3 - r**2 - 8*r + 32. Give x(0).
32
Let z(g) = 22*g**3 + 13*g**2 + g - 13. What is z(1)?
23
Let r(s) = 58*s + 874. Calculate r(-15).
4
Let u(v) = -v**2 - 87*v - 1296. Calculate u(-22).
134
Let g(z) = 71*z + 355. Calculate g(-4).
71
Let j(i) = 161*i**2 + 4025*i + 21. Determine j(-25).
21
Let z(d) = -2*d**2 - 327*d - 3560. Determine z(-11).
-205
Let y(x) = -x**3 + 33*x**2 - 260*x + 101. Determine y(11).
-97
Let v(u) = -u**2 + 6*u - 23. Give v(3).
-14
Let k(r) = -r**3 + 26*r**2 + 111*r + 267. Calculate k(30).
-3
Let w(i) = 5*i**3 - 115*i**2 + 32*i - 737. Give w(23).
-1
Let f(t) = 10*t**2 - 194*t + 259. Calculate f(18).
7
Let x(l) = 16*l**2 - 642*l - 580. Calculate x(41).
-6
Let k(g) = 18*g + 1188. Give k(-66).
0
Let o(w) = 404*w**2 + 2831*w + 28. What is o(-7)?
7
Let m(d) = -87*d + 2413. Give m(28).
-23
Let y(f) = -1927*f + 48170. Determine y(25).
-5
Let s(q) = 2*q**2 - 25*q - 910. Determine s(-16).
2
Let x(p) = p**3 + 15*p**2 - 165*p - 2227. What is x(-17)?
0
Let d(t) = t**2 + 778*t + 3091. Give d(-4).
-5
Let d(v) = -47*v - 4558. Give d(-97).
1
Let n(l) = -l**3 + 90*l**2 - 719*l - 812. Give n(81).
-2
Let k(m) = m**2 - 187*m + 731. What is k(4)?
-1
Let y(k) = 20*k + 155. What is y(-7)?
15
Let a(f) = f**2 + 212*f + 8348. Give a(-52).
28
Let f(w) = 6*w - 98. Determine f(14).
-14
Let i(n) = -n**2 - 14*n + 49. Calculate i(3).
-2
Let x(d) = 153*d**2 + 294*d - 17. Calculate x(-2).
7
Let o(l) = -588*l - 1026. Give o(-2).
150
Let o(l) = 2*l + 1. What is o(5)?
11
Let n(x) = -x**3 + 87*x**2 + 368*x - 361. Calculate n(91).
3
Let g(u) = -82*u - 720. Determine g(-8).
-64
Let v(u) = -920*u + 906. Calculate v(1).
-14
Let b(s) = 653*s + 81. Determine b(0).
81
Let b(h) = h**2 + 41*h - 910. Calculate b(-57).
2
Let m(z) = 41*z - 1680. Calculate m(43).
83
Let c(b) = 2*b**3 + 196*b**2 - 7*b - 852. Give c(-98).
-166
Let p(j) = j**2 - 117*j + 1407. Give p(13).
55
Let h(p) = 813*p + 48. Give h(0).
48
Let b(o) = o**2 + 13*o - 364. Calculate b(-29).
100
Let h(w) = 334*w - 2318. Calculate h(7).
20
Let f(n) = n**3 + 29*n**2 + 20*n - 257. Calculate f(-28).
-33
Let o(h) = -6*h + 124. Give o(-4).
148
Let g(i) = i**2 + 381*i - 1551. What is g(4)?
-11
Let r(n) = n**2 + 21726*n + 130316. Determine r(-6).
-4
Let c(g) = -6*g + 54. Calculate c(8).
6
Let s(t) = 92*t - 11950. Give s(130).
10
Let d(s) = -2*s**3 + 70*s**2 - 33*s + 1156. Give d(35).
1
Let a(l) = -4*l**2 - 26*l + 6. Determine a(-5).
36
Let a(r) = r**3 + 29*r**2 - 74*r + 706. Determine a(-32).
2
Let s(u) = 5*u**2 + 56*u - 16. What is s(-14)?
180
Let u(l) = l**3 + 4*l**2 - 13*l - 24. Give u(-6).
-18
Let x(r) = r**3 - r**2 - 24*r + 8. Determine x(5).
-12
Let m(s) = 4*s - 8. What is m(0)?
-8
Let u(l) = 72*l + 12302. Determine u(-171).
-10
Let j(c) = 88*c - 4069. Determine j(48).
155
Let c(t) = -t**2 - 61*t - 433. What is c(-41)?
387
Let w(g) = g**3 + 18*g**2 + 15*g + 2. Determine w(-17).
36
Let h(a) = -a**2 - 973*a + 4894. Calculate h(5).
4
Let k(h) = 16*h**3 + 2*h**2 - 3*h + 1. What is k(-2)?
-113
Let p(j) = -1375*j**2 + 6876*j - 3. Give p(5).
2
Let z(x) = 2*x**3 + 66*x**2 + 357*x - 71. Give z(-7).
-22
Let g(k) = 741*k - 110417. What is g(149)?
-8
Let i(j) = -182*j**2 - 323*j + 650. What is i(2)?
-724
Let s(i) = 5*i + 192. Calculate s(-31).
37
Let c(z) = -197*z**2 + 1182*z - 19. Give c(6).
-19
Let l(k) = k**2 + 5*k - 5. Give l(4).
31
Let y(r) = -54*r**2 + 387*r - 52. Calculate y(7).
11
Let x(a) = -a**2 + 20*a + 72. What is x(23)?
3
Let a(u) = 253*u**3 - 3*u**2 - 4*u - 4. Give a(-1).
-256
Let d(j) = j**3 + 21*j**2 + 42*j + 152. Calculate d(-19).
76
Let k(l) = l**2 + 77*l - 22691. Give k(117).
7
Let h(q) = -3*q**2 + 10*q + 54. What is h(-4)?
-34
Let y(g) = g**3 - 22*g**2 + 96*g - 17. Give y(5).
38
Let v(q) = -14*q + 288. Calculate v(20).
8
Let o(a) = -23*a + 19. Determine o(9).
-188
Let u(m) = -m**3 + 26*m**2 + 13*m - 1088. Determine u(25).
-138
Let a(d) = -d**2 - 29*d + 191. What is a(-30)?
161
Let j(o) = -88*o - 1773. Give j(-20).
-13
Let t(f) = -14*f - 241. Give t(-23).
81
Let k(w) = w**2 - 3*w - 60. What is k(-5)?
-20
Let f(h) = -2*h**3 + 829*h**2 - 516*h + 42233. What is f(414)?
5
Let d(l) = -403*l - 3237. Calculate d(-8).
-13
Let t(z) = -10*z - 13. What is t(0)?
-13
Let g(r) = -r**2 - 263*r + 2723. Calculate g(10).
-7
Let j(w) = w**3 + 7*w**2 - 8*w - 38. Calculate j(-7).
18
Let k(a) = a**3 - 36*a**2 - 81*a + 67. What is k(38)?
-123
Let c(d) = 1033*d - 4132. What is c(4)?
0
Let i(u) = 2877*u - 8629. Determine i(3).
2
Let f(i) = 1477*i + 8870. Give f(-6).
8
Let f(s) = -52*s**2 - 853*s - 334. What is f(-16)?
2
Let h(j) = 9*j**2 - 17*j - 8. Give h(-4).
204
Let f(m) = 104*m + 2151. Give f(-24).
-345
Let l(z) = z**3 - 31*z**2 - 104*z - 33. Give l(34).
-101
Let u(o) = -o**2 - 23*o + 311. What is u(-32)?
23
Let c(m) = -m**2 - 39*m - 59. What is c(-21)?
319
Let s(z) = -2*z**2 + 30*z - 124. Calculate s(9).
-16
Let o(z) = 3*z**3 - 3*z**2 + z - 6. Determine o(4).
142
Let n(b) = 74*b - 363. Calculate n(5).
7
Let x(q) = -104*q - 4228. Determine x(-41).
36
Let q(g) = -5*g**2 - 260*g + 1736. What is q(-58)?
-4
Let j(k) = -k**2 + 68*k + 141. Determine j(-2).
1
Let x(t) = -5*t + 61. What is x(14)?
-9
Let s(o) = 13*o**2 - 78*o + 98. What is s(4)?
-6
Let i(t) = -15*t + 469. Determine i(30).
19
Let r(q) = -q**2 + 47*q + 414. What is r(55)?
-26
Let k(i) = 117*i + 6019. Calculate k(-52).
-65
Let a(y) = 2*y**2 - 3*y - 797. Calculate a(21).
22
Let r(d) = -199*d - 787. Give r(-4).
9
Let v(j) = -1275*j + 119854. Determine v(94).
4
Let s(k) = 2*k**3 + 412*k**2 - 3*k - 598. Determine s(-206).
20
Let s(j) = 53*j + 1211. Determine s(-23).
-8
Let t(q) = -3*q**2 - 136*q + 427. Calculate t(-48).
43
Let n(t) = t**3 + 32*t**2 - 35*t - 99. Calculate n(-33).
-33
Let j(d) = 241*d + 2394. Give j(-10).
-16
Let t(d) = d**2 + 16*d - 198. Calculate t(-22).
-66
Let q(z) = z**3 + z**2 - 65*z + 1. Determine q(0).
1
Let y(v) = -31*v + 197. Calculate y(13).
-206
Let o(z) = 52*z - 62. Determine o(-2).
-166
Let m(g) = g**3 - 3*g**2 + 54*g - 101. Determine m(2).
3
Let o(h) = -4*h**3 + 5*h**2 + 5*h - 18. Calculate o(2).
-20
Let h(u) = 2*u**3 + 88*u**2 + 172*u + 173. What is h(-42)?
5
Let c(i) = 17*i + 304. Calculate c(-16).
32
Let m(i) = -i**3 + 12*i**2 + 29*i + 61. Determine m(14).
75
Let d(i) = -8012*i - 80118. What is d(-10)?
2
Let b(t) = 1499*t + 1502. Calculate b(-1).
3
Let r(u) = 240*u**2 - 41*u - 40. Calculate r(-1).
241
Let k(p) = -p**3 - 33*p**2 + 229*p - 186. Determine k(-39).
9
Let v(w) = w**3 - 10*w**2 - 10*w + 100. Give v(10).
0
Let v(r) = r**2 + 27*r - 1459. What is v(-54)?
-1
Let l(p) = 12*p**3 - 36*p**2 + 8*p + 17. Give l(3).
41
Let u(z) = -81*z - 1227. What is u(-15)?
-12
Let u(n) = 3*n**2 - 212. Calculate u(8).
-20
Let b(s) = -s**2 - 17*s + 35. Give b(-17).
35
Let j(a) = -41*a - 5698. What is j(-134)?
-204
Let b(d) = -20*d**2 - 111*d - 95. Give b(-1).
-4
Let p(b) = -63*b + 2776. Give p(44).
4
Let i(p) = p**3 - 3*p**2 - 6*p + 2. Determine i(3).
-16
Let o(s) = s**3 + 20*s**2 + 4*s + 77. Calculate o(-20).
-3
Let l(s) = -299*s + 8969. Give l(30).
-1
Let o(n) = -2*n**2 + 21*n + 305. What is o(0)?
305
Let r(k) = k**3 - 13*k**2 + 34*k + 50. What is r(7)?
-6
Let j(k) = -2*k**3 - 2*k**2 + 23*k - 14. Calculate j(3).
-17
Let a(b) = -b**3 - 4*b**2 + 39*b - 103. What is a(7)?
-369
Let m(p) = p**2 - 8*p - 4481. Determine m(70).
-141
Let k(m) = m**2 - 22*m - 1249. Calculate k(48).
-1
Let o(p) 